ose 0 = -5*y + 2*q + 819, z*y + 0*q - 318 = 4*q. List the prime factors of y.
3, 5, 11
Suppose a + 3*k = 15886, k + 16643 - 64277 = -3*a. List the prime factors of a.
15877
Suppose -2*k - 46 = -44, 0 = 14*c - 5*k - 295349. What are the prime factors of c?
2, 3, 293
Suppose 156*f = 161*f - 32745. Suppose -9*y + 22083 = f. What are the prime factors of y?
2, 863
Let q(w) = -5*w**2. Let g(d) be the first derivative of -d - 10. Let m(y) = 5*g(y) - q(y). List the prime factors of m(5).
2, 3, 5
What are the prime factors of 8*(-11)/880 + (-13942)/(-20)?
17, 41
Suppose 18193*c + 12190 = 18195*c. List the prime factors of c.
5, 23, 53
Let i(l) be the second derivative of l**5/20 + 3*l**4/4 - 5*l**3/6 - 51*l**2/2 - 25*l. What are the prime factors of i(-7)?
2, 41
Let g(z) = 2*z**2 - 8*z + 3. Suppose -4*w + 7*c + 49 = 2*c, -4*w + 14 = 2*c. Let q be g(w). Let x = q - -2. List the prime factors of x.
29
Suppose -23*g + 20*g + 72065 = -u, 0 = 4*g - 3*u - 96085. What are the prime factors of g?
2, 12011
List the prime factors of (35/(-14))/((-24747)/24744 + 1).
2, 5, 1031
Let y = -281 + 332. Let o = 47 + y. List the prime factors of o.
2, 7
Let j(r) = -r**3 + 112*r**2 - 520*r + 82. List the prime factors of j(103).
3, 13, 359
Let p(l) = 2403*l + 449. What are the prime factors of p(5)?
2, 19, 41
Suppose -13*q + 2561 = 2*z, -4 = 2*q + 2. List the prime factors of z.
2, 5, 13
Let m = 7515 - -185. List the prime factors of m.
2, 5, 7, 11
Suppose -c + 2*c - u = 4, -8 = 4*u. Let g be 8*(c + (-9)/6). List the prime factors of (11 + 2)*3/12*g.
13
Let a be (-30)/(-6 - 0) - -311. Let q = -62 - -231. Let g = a - q. List the prime factors of g.
3, 7
Suppose 6*j - 10*j - 22104 = 0. List the prime factors of 2/(-4) - j/12.
2, 5, 23
Suppose 7*o = 14*o - 4879. Let u = o + -214. What are the prime factors of u?
3, 7, 23
Let n = 0 + 5. Let s = -1192 + 1449. Suppose -n*j = -s - 348. What are the prime factors of j?
11
Suppose -16 = -2*p + 3*h, -7*h + 9*h = 3*p - 14. Let y be 99 - (-2 - -5 - 7). Suppose 3*r - 439 + y = -5*q, -142 = -p*q - 5*r. List the prime factors of q.
2, 3, 11
Let h = 77 + -188. Suppose 0 = 2*f - 3*v + 211, 0*v = -3*f + 2*v - 319. Let q = f - h. List the prime factors of q.
2
Suppose 3*b - 3*h = -2*b + 177, 2*h = -8. Let i = 1 + b. Suppose -i = -2*o + 18. List the prime factors of o.
2, 13
Suppose -49*t + 55058 = -109215 + 5170. List the prime factors of t.
17, 191
Suppose 0 = -2*c + 13 - 15. Let y(o) = -3*o**3 - 3*o**2 - o + 1. Let a be y(c). Let m = 51 - a. What are the prime factors of m?
7
Let v = 10 - 6. Let i(l) = 16 - v*l - 7*l - 8*l. What are the prime factors of i(-5)?
3, 37
Let h be (-136527)/(-27) + (-24)/(-54). Suppose 3*j - h = 5*v, 2*j - v - 2207 - 1169 = 0. List the prime factors of j.
3, 563
Suppose -2*p - r + 3785 = -0*r, 5*p - 9450 = -5*r. List the prime factors of p.
5, 379
Let o(h) = 64*h**2 - 29*h - 229. Let m be o(-7). Suppose -14*d - 2*c - m = -18*d, -4*c = -d + 788. List the prime factors of d.
2, 97
Let h(z) = 5*z**3 + z**2 - 11*z - 9. Let g be h(-4). Let o = -187 - g. List the prime factors of o.
2, 41
Let r = 198 + -96. Let f(c) = -2*c**2 - 5*c - 3. Let o be f(-4). Let t = r + o. List the prime factors of t.
3, 29
Suppose -4*u - 192 = -5*y + 3, 0 = -5*y + u + 180. Let c be (-185)/y + (-4)/(-14). What are the prime factors of ((-16)/c)/((-10)/(-25))?
2
Let z(u) = u**3 + 71*u**2 + 91*u + 731. List the prime factors of z(-57).
2, 5, 11, 373
Let w(a) = -a**3 + 5*a**2 - a - 3. Let j be w(2). Suppose j*d - 8*d + 231 = 0. What are the prime factors of d?
3, 7, 11
Let n = 650 - 647. Suppose -t - 1348 = -u, -4*t + 5143 - 1113 = n*u. What are the prime factors of u?
2, 673
Suppose 185 = 25*n - 840. Suppose 38*f = n*f - 30. List the prime factors of f.
2, 5
Let x be (-2 - -1)*(9 + -212). Let k = 318 - x. List the prime factors of k.
5, 23
Let t be ((-2)/8)/((-39)/1092). Let u(f) = 3*f**3 - 18*f**2 + 8*f - 14. What are the prime factors of u(t)?
3, 7
Suppose -2584 = -8*z + 5*z + o, z + 4*o - 857 = 0. Let y = 228 + 52. Suppose 7*l = y + z. List the prime factors of l.
163
Suppose -7*y - 22864 = -0*y - 15*y. What are the prime factors of y?
2, 1429
Let h(v) be the second derivative of 17*v**4/12 - 7*v**3/3 + 9*v**2 + 60*v. List the prime factors of h(4).
2, 3, 13
Suppose -8*y = -509 - 211. What are the prime factors of (5/(30/124))/(12/y)?
5, 31
Let a be (-36)/(-24)*1*-2. Let t be (-4)/6*a/(-2). Let l = 79 - t. What are the prime factors of l?
2, 5
Let o = 6790 - -3025. List the prime factors of o.
5, 13, 151
Let y(b) = -b**2 + 8*b - 2. Let r be y(4). Suppose 3 = -17*h + r*h, -2079 = -5*l - h. What are the prime factors of l?
2, 13
Suppose 0 = 10*q - 15*q + 35. Let l be 0 - -3 - q - 0. Let x(k) = 5*k**2 + k + 12. What are the prime factors of x(l)?
2, 11
Let n(r) be the second derivative of r**4/12 - 5*r**3/6 + 2*r**2 - 11*r. Let o be n(5). Suppose -o*c + c + 291 = 0. What are the prime factors of c?
97
Suppose -3*s = -4*z + 5 + 10, 3*z - 5*s = 3. Suppose -9*r + z = -7*r. List the prime factors of 1 + r + (-6 - -67).
5, 13
Let i = 1950 + -340. Suppose -4*j - 2*w = -i, -4*j = -0*j + w - 1605. What are the prime factors of j?
2, 5
Let k be (2/5 + 5/(-75))*12. Suppose k*s - 1606 = 1242. What are the prime factors of s?
2, 89
Let p(a) = -2*a**2 + 2*a + 5. Let s be p(-4). Suppose -562*r - 927 = -571*r. Let u = s + r. List the prime factors of u.
2, 17
Suppose -401*a = -15133580 - 3519336. List the prime factors of a.
2, 29, 401
Let v = 20292 - -3267. List the prime factors of v.
3, 7853
Let s(g) = g**3 + 17*g**2 + 28*g + 53. Let h be s(-17). Let a = 697 + h. What are the prime factors of a?
2, 137
Let z be (10/8)/((5/4)/(-5)). Let g = z - -8. Suppose 4*m - m = 4*o - 750, -g*o + 5*m + 568 = 0. List the prime factors of o.
2, 3, 31
Let h(p) = 4*p**2 - 54*p + 29. Let b be h(13). Suppose 4*s - b*r = 3454, 2*r - 2590 = -3*s + 4*r. What are the prime factors of s?
2, 431
Let q be 8*1*((13 - -3) + -14). Suppose 8384 = 32*d - q*d. List the prime factors of d.
2, 131
Let a(c) = 2631*c**3 + 5*c**2 - 3*c + 2. What are the prime factors of a(2)?
2, 2633
Let c(n) = -3*n - 3091*n**2 - n**3 - 4 + 3091*n**2. Let j be c(3). Let d = j + 295. List the prime factors of d.
3, 5, 17
Let m(w) = 11*w**2 - 2*w - 61. List the prime factors of m(38).
3, 29, 181
Let w be (4/(-6))/((-30)/495). Let v = w + -9. Suppose 4*l = -v*s + 90, -5*s = -0*l + l - 198. What are the prime factors of s?
3, 13
Let z(o) = 36*o + 27. Let y be z(-4). Let l = 133 + y. What are the prime factors of l?
2
Let h(d) be the second derivative of -d**5/20 + d**4/2 + 4*d**3/3 - 11*d**2/2 + 9*d. Let t be h(-6). Let u = t - 257. List the prime factors of u.
2, 29
Suppose 2*f + 33 = 4*u - 99, -2*u + 42 = 5*f. Suppose 608 = u*h - 27*h. List the prime factors of h.
2, 19
Let q(p) = p**3 + 34*p**2 + p + 11. Let y be q(-22). List the prime factors of y/44*(0/(-3) + 4).
17, 31
Let k be (125/(-50))/((-2)/(-4)). Let s be -102 + (3 - -2) - k. Let x = -23 - s. List the prime factors of x.
3, 23
Let n(h) = 11*h**2 - 57*h - 437. What are the prime factors of n(43)?
3, 7, 277
Suppose 12*s - s = 55. Let i be ((-388)/s)/(-2*(-2)/(-40)). Suppose -136 = 4*j - i. What are the prime factors of j?
2, 5
Let r(y) = -y**3 + 73*y**2 - 145*y - 247. What are the prime factors of r(70)?
13, 331
Suppose 2*f + 3*j = -0*j + 12, 0 = -2*f - 2*j + 10. Let i be (-4)/(-6)*(f + 3) - 1. What are the prime factors of (0 - -5)*(77 + 1)/i?
2, 5, 13
List the prime factors of -1 + ((-4)/6 - (-37)/((-1887)/(-614380))).
3, 5, 11, 73
Suppose -2*z = 3*z - 10. Let a = 583 - 589. What are the prime factors of (z - 4)/(a/171)?
3, 19
Let v be ((-255)/(-20) - -3)/((-3)/12). What are the prime factors of (-3022)/(7/(v/18))?
1511
Let u(j) = 1088*j**2 - 77*j + 5. What are the prime factors of u(5)?
2, 3, 5, 149
Suppose -4*j + 14 = -3*j. Let w = j - 11. Suppose -q + 5*g + 49 = 0, 7*q = w*q - 5*g + 196. What are the prime factors of q?
7
Let q = 3837 + -1545. List the prime factors of q.
2, 3, 191
Let l(y) = -361*y + 146. Let w(p) = 360*p - 145. Let s(f) = -4*l(f) - 5*w(f). List the prime factors of s(-3).
3, 13, 31
Suppose 0 = -5*t + 2*d + 6850 + 35593, -4*d = -5*t + 42431. What are the prime factors of t?
7, 1213
Let o(s) = 277*s - 714. What are the prim